{"id":494,"date":"2025-01-20T16:32:35","date_gmt":"2025-01-20T15:32:35","guid":{"rendered":"https:\/\/rmu-startup-academy.com\/?page_id=494"},"modified":"2025-02-12T13:57:06","modified_gmt":"2025-02-12T12:57:06","slug":"impressum","status":"publish","type":"page","link":"https:\/\/rmu-startup-academy.com\/?page_id=494","title":{"rendered":"Impressum"},"content":{"rendered":"\n<p><strong>Diese Internetseite wird angeboten von:<\/strong><\/p>\n\n\n\n<p>Die <strong>RMU Startup Academy<\/strong> wird durch eine Kollaboration der Gr\u00fcndungszentren der Rhein-Main-Universit\u00e4ten bereitgestellt: HIGHEST von der TU Darmstadt, Goethe-Unibator von der Goethe-Universit\u00e4t Frankfurt sowie den Gr\u00fcndungsb\u00fcros der Johannes-Gutenberg-Universit\u00e4t Mainz und der Universit\u00e4tsmedizin Mainz.<\/p>\n\n\n\n<p><\/p>\n\n\n\n<p>Kontaktdaten und weitere Informationen befinden sich auf den folgenden Seiten:<\/p>\n\n\n\n<ul class=\"wp-block-list\">\n<li>HIGHEST:&nbsp;<a href=\"https:\/\/highest-darmstadt.de\/de\/impressum\/\" target=\"_blank\" rel=\"noreferrer noopener\">https:\/\/highest-darmstadt.de\/de\/impressum\/<\/a><\/li>\n\n\n\n<li>Goethe-Unibator:&nbsp;<a href=\"https:\/\/goetheunibator.de\/impressum\/\" target=\"_blank\" rel=\"noreferrer noopener\">https:\/\/goetheunibator.de\/impressum\/<\/a><\/li>\n\n\n\n<li>JGU Startup Center:&nbsp;<a href=\"https:\/\/organisation.uni-mainz.de\/impressum\/\" target=\"_blank\" rel=\"noreferrer noopener\">https:\/\/organisation.uni-mainz.de\/impressum\/<\/a><\/li>\n\n\n\n<li>Universit\u00e4tsmedizin Mainz:&nbsp;<a href=\"https:\/\/www.unimedizin-mainz.de\/footer\/impressum.html\" target=\"_blank\" rel=\"noreferrer noopener\">https:\/\/www.unimedizin-mainz.de\/footer\/impressum.html<\/a><\/li>\n<\/ul>\n","protected":false},"excerpt":{"rendered":"<p>Diese Internetseite wird angeboten von: Die RMU Startup Academy wird durch eine Kollaboration der Gr\u00fcndungszentren der Rhein-Main-Universit\u00e4ten bereitgestellt: HIGHEST von der TU Darmstadt, Goethe-Unibator von der Goethe-Universit\u00e4t Frankfurt sowie den Gr\u00fcndungsb\u00fcros der Johannes-Gutenberg-Universit\u00e4t Mainz und der Universit\u00e4tsmedizin Mainz. Kontaktdaten und weitere Informationen befinden sich auf den folgenden Seiten:<\/p>\n","protected":false},"author":2,"featured_media":0,"parent":0,"menu_order":0,"comment_status":"closed","ping_status":"closed","template":"","meta":{"neve_meta_sidebar":"","neve_meta_container":"","neve_meta_enable_content_width":"","neve_meta_content_width":0,"neve_meta_title_alignment":"","neve_meta_author_avatar":"","neve_post_elements_order":"","neve_meta_disable_header":"","neve_meta_disable_footer":"","neve_meta_disable_title":"","_themeisle_gutenberg_block_has_review":false,"footnotes":""},"class_list":["post-494","page","type-page","status-publish","hentry"],"yoast_head":"<!-- This site is optimized with the Yoast SEO plugin v25.9 - https:\/\/yoast.com\/wordpress\/plugins\/seo\/ -->\n<title>Impressum - RMU Startup Academy<\/title>\n<meta name=\"robots\" content=\"index, follow, max-snippet:-1, max-image-preview:large, max-video-preview:-1\" \/>\n<link rel=\"canonical\" href=\"https:\/\/rmu-startup-academy.com\/?page_id=494\" \/>\n<meta property=\"og:locale\" content=\"de_DE\" \/>\n<meta property=\"og:type\" content=\"article\" \/>\n<meta property=\"og:title\" content=\"Impressum - RMU Startup Academy\" \/>\n<meta property=\"og:description\" content=\"Diese Internetseite wird angeboten von: Die RMU Startup Academy wird durch eine Kollaboration der Gr\u00fcndungszentren der Rhein-Main-Universit\u00e4ten bereitgestellt: HIGHEST von der TU Darmstadt, Goethe-Unibator von der Goethe-Universit\u00e4t Frankfurt sowie den Gr\u00fcndungsb\u00fcros der Johannes-Gutenberg-Universit\u00e4t Mainz und der Universit\u00e4tsmedizin Mainz. Kontaktdaten und weitere Informationen befinden sich auf den folgenden Seiten:\" \/>\n<meta property=\"og:url\" content=\"https:\/\/rmu-startup-academy.com\/?page_id=494\" \/>\n<meta property=\"og:site_name\" content=\"RMU Startup Academy\" \/>\n<meta property=\"article:modified_time\" content=\"2025-02-12T12:57:06+00:00\" \/>\n<meta name=\"twitter:card\" content=\"summary_large_image\" \/>\n<script type=\"application\/ld+json\" class=\"yoast-schema-graph\">{\"@context\":\"https:\/\/schema.org\",\"@graph\":[{\"@type\":\"WebPage\",\"@id\":\"https:\/\/rmu-startup-academy.com\/?page_id=494\",\"url\":\"https:\/\/rmu-startup-academy.com\/?page_id=494\",\"name\":\"Impressum - RMU Startup Academy\",\"isPartOf\":{\"@id\":\"https:\/\/rmu-startup-academy.com\/#website\"},\"datePublished\":\"2025-01-20T15:32:35+00:00\",\"dateModified\":\"2025-02-12T12:57:06+00:00\",\"breadcrumb\":{\"@id\":\"https:\/\/rmu-startup-academy.com\/?page_id=494#breadcrumb\"},\"inLanguage\":\"de\",\"potentialAction\":[{\"@type\":\"ReadAction\",\"target\":[\"https:\/\/rmu-startup-academy.com\/?page_id=494\"]}]},{\"@type\":\"BreadcrumbList\",\"@id\":\"https:\/\/rmu-startup-academy.com\/?page_id=494#breadcrumb\",\"itemListElement\":[{\"@type\":\"ListItem\",\"position\":1,\"name\":\"Startseite\",\"item\":\"https:\/\/rmu-startup-academy.com\/\"},{\"@type\":\"ListItem\",\"position\":2,\"name\":\"Impressum\"}]},{\"@type\":\"WebSite\",\"@id\":\"https:\/\/rmu-startup-academy.com\/#website\",\"url\":\"https:\/\/rmu-startup-academy.com\/\",\"name\":\"RMU Startup Academy\",\"description\":\"F\u00fcr Deinen Start in ein eigenes Unternehmen\",\"potentialAction\":[{\"@type\":\"SearchAction\",\"target\":{\"@type\":\"EntryPoint\",\"urlTemplate\":\"https:\/\/rmu-startup-academy.com\/?s={search_term_string}\"},\"query-input\":{\"@type\":\"PropertyValueSpecification\",\"valueRequired\":true,\"valueName\":\"search_term_string\"}}],\"inLanguage\":\"de\"}]}<\/script>\n<!-- \/ Yoast SEO plugin. -->","yoast_head_json":{"title":"Impressum - RMU Startup Academy","robots":{"index":"index","follow":"follow","max-snippet":"max-snippet:-1","max-image-preview":"max-image-preview:large","max-video-preview":"max-video-preview:-1"},"canonical":"https:\/\/rmu-startup-academy.com\/?page_id=494","og_locale":"de_DE","og_type":"article","og_title":"Impressum - RMU Startup Academy","og_description":"Diese Internetseite wird angeboten von: Die RMU Startup Academy wird durch eine Kollaboration der Gr\u00fcndungszentren der Rhein-Main-Universit\u00e4ten bereitgestellt: HIGHEST von der TU Darmstadt, Goethe-Unibator von der Goethe-Universit\u00e4t Frankfurt sowie den Gr\u00fcndungsb\u00fcros der Johannes-Gutenberg-Universit\u00e4t Mainz und der Universit\u00e4tsmedizin Mainz. Kontaktdaten und weitere Informationen befinden sich auf den folgenden Seiten:","og_url":"https:\/\/rmu-startup-academy.com\/?page_id=494","og_site_name":"RMU Startup Academy","article_modified_time":"2025-02-12T12:57:06+00:00","twitter_card":"summary_large_image","schema":{"@context":"https:\/\/schema.org","@graph":[{"@type":"WebPage","@id":"https:\/\/rmu-startup-academy.com\/?page_id=494","url":"https:\/\/rmu-startup-academy.com\/?page_id=494","name":"Impressum - RMU Startup Academy","isPartOf":{"@id":"https:\/\/rmu-startup-academy.com\/#website"},"datePublished":"2025-01-20T15:32:35+00:00","dateModified":"2025-02-12T12:57:06+00:00","breadcrumb":{"@id":"https:\/\/rmu-startup-academy.com\/?page_id=494#breadcrumb"},"inLanguage":"de","potentialAction":[{"@type":"ReadAction","target":["https:\/\/rmu-startup-academy.com\/?page_id=494"]}]},{"@type":"BreadcrumbList","@id":"https:\/\/rmu-startup-academy.com\/?page_id=494#breadcrumb","itemListElement":[{"@type":"ListItem","position":1,"name":"Startseite","item":"https:\/\/rmu-startup-academy.com\/"},{"@type":"ListItem","position":2,"name":"Impressum"}]},{"@type":"WebSite","@id":"https:\/\/rmu-startup-academy.com\/#website","url":"https:\/\/rmu-startup-academy.com\/","name":"RMU Startup Academy","description":"F\u00fcr Deinen Start in ein eigenes Unternehmen","potentialAction":[{"@type":"SearchAction","target":{"@type":"EntryPoint","urlTemplate":"https:\/\/rmu-startup-academy.com\/?s={search_term_string}"},"query-input":{"@type":"PropertyValueSpecification","valueRequired":true,"valueName":"search_term_string"}}],"inLanguage":"de"}]}},"_links":{"self":[{"href":"https:\/\/rmu-startup-academy.com\/index.php?rest_route=\/wp\/v2\/pages\/494","targetHints":{"allow":["GET"]}}],"collection":[{"href":"https:\/\/rmu-startup-academy.com\/index.php?rest_route=\/wp\/v2\/pages"}],"about":[{"href":"https:\/\/rmu-startup-academy.com\/index.php?rest_route=\/wp\/v2\/types\/page"}],"author":[{"embeddable":true,"href":"https:\/\/rmu-startup-academy.com\/index.php?rest_route=\/wp\/v2\/users\/2"}],"replies":[{"embeddable":true,"href":"https:\/\/rmu-startup-academy.com\/index.php?rest_route=%2Fwp%2Fv2%2Fcomments&post=494"}],"version-history":[{"count":6,"href":"https:\/\/rmu-startup-academy.com\/index.php?rest_route=\/wp\/v2\/pages\/494\/revisions"}],"predecessor-version":[{"id":1122,"href":"https:\/\/rmu-startup-academy.com\/index.php?rest_route=\/wp\/v2\/pages\/494\/revisions\/1122"}],"wp:attachment":[{"href":"https:\/\/rmu-startup-academy.com\/index.php?rest_route=%2Fwp%2Fv2%2Fmedia&parent=494"}],"curies":[{"name":"wp","href":"https:\/\/api.w.org\/{rel}","templated":true}]}}